r when c(27) is divided by 152?
92
Let l = 1726 + -1424. Calculate the remainder when 303 is divided by l.
1
Let g(w) = -w**3 - 5*w**2 - 5*w - 2. Let z = -118 + 137. Suppose -2*x - b + z = 0, 22 = x + b - 3*b. Calculate the remainder when g(-5) is divided by x.
11
Let k = -10339 + 10541. Calculate the remainder when 207 is divided by k.
5
Suppose 0*o + 4 = 2*o. Suppose 5*r - o*r - 47 = -q, q = -r + 17. Calculate the remainder when (-283201)/(-5363) - (-24)/124 is divided by r.
8
Let n(z) = z**3 + 10*z**2 + 11*z + 11. Let q be n(-9). Suppose 334 = 63*j - 44. Calculate the remainder when 13 - q/((-14)/(-4)) is divided by j.
3
Suppose 11*p = -506 + 732 + 962. What is the remainder when 554 is divided by p?
14
Let d(y) = -y**2 - 5*y - 25. Let v be d(-8). Let b = 59 + v. Let t(p) = p**2 - p - 7. Calculate the remainder when t(-6) is divided by b.
5
Suppose 5*z + 949 - 2494 = 0. Calculate the remainder when (-3)/(-6) + z/6 is divided by 9.
7
Let d be (-1)/(150/(-24) - -6). Suppose 8*y = 108 - d. What is the remainder when 103 is divided by y?
12
Let w(h) = 6*h**3 + 31*h**2 - 14*h - 4. Let q(m) = 4*m**3 + 30*m**2 - 14*m - 5. Let k(a) = -4*q(a) + 3*w(a). What is the remainder when 95 is divided by k(13)?
11
Suppose -7*y + 3 = -6*y. Let b be 381/y + (-4 + 4 - 0). Let a = -122 + b. Calculate the remainder when 32 is divided by a.
2
Suppose 296*w = -177*w + 42097. Calculate the remainder when 9*(-1)/(-1)*11 is divided by w.
10
Suppose -5*m = 84*m - 2492. What is the remainder when 140 is divided by m?
0
Suppose -550 = 3*y - 3*z - 604, -2*y - 4*z - 12 = 0. Suppose 2*u - 3*u + 35 = 0. What is the remainder when u is divided by y?
5
Suppose -2*n + 5*o + 1079 = 0, -4*n - 5*o - 89 + 2172 = 0. Calculate the remainder when n is divided by 519.
8
Let f = 2161 - 1333. What is the remainder when f is divided by 10?
8
Let v(b) = -9*b + 2. Let p be v(5). Suppose -13*r + 124 = -11*r. Let s = p + r. What is the remainder when 32 is divided by s?
13
Let a be -1*(-4 - -5)*24/8. What is the remainder when 4*(-1 + ((-185)/(-10) - a)) is divided by 17?
14
Let p(x) = -x**2 + 8*x - 5. Let t(m) = m**2 - 9*m + 4. Let q(y) = -4*p(y) - 3*t(y). Calculate the remainder when q(11) is divided by 17.
6
Suppose -827 = -82*q + 3191. Calculate the remainder when 206 is divided by q.
10
Let i(o) = 8*o**2 + 320*o + 12. What is the remainder when 23 is divided by i(-40)?
11
Suppose 86*f - 22920 = -732. What is the remainder when f is divided by 39?
24
Suppose -4*s + 1210 = 2*p, 3*s + 5*p = 295 + 595. What is the remainder when 1231 is divided by s?
11
Suppose 3*z + 1120*j = 1115*j + 282, j + 94 = z. What is the remainder when 317 is divided by z?
35
What is the remainder when 201 is divided by (-3789)/(-63) - 48/42?
24
Let b(i) = -2*i**3 - 19*i**2 + 5*i + 10. Let y be b(-10). Let a = -62 + y. What is the remainder when 73 is divided by 21 + 1/a*(-19 - -23)?
16
Suppose 4*l = 2*b - 340 - 194, 242 = b + 3*l. Let a = -213 + b. What is the remainder when a is divided by 12?
8
Let a = -26862 + 29127. Calculate the remainder when a is divided by 6.
3
Let d(a) = 5*a**2 - 20*a + 10. What is the remainder when (-262)/(-2) - 1/(1/(-4)) is divided by d(6)?
65
What is the remainder when 4/(72/8122) - (-24)/(-864)*8 is divided by 221?
9
Let h be (-16)/(-64) + 46/8. Let w be ((-54)/(-15))/h - (-3)/(-5). Suppose -14*n = -w*n - 1162. What is the remainder when n is divided by 42?
41
Suppose 8*l + 1072 + 1664 = 0. Let m = 384 + l. Calculate the remainder when m is divided by 14.
0
Let u(q) = q**2 + 115*q - 422. Calculate the remainder when 202 is divided by u(4).
40
Suppose 6*z - z - 485 = 0. Suppose 3*q - 458 = -11. Let l = 158 - q. What is the remainder when z is divided by l?
7
Suppose -5*k + 25 = 0, -3*u = -u + 3*k - 1. What is the remainder when u/(-9 - -2) + 1*104 is divided by 54?
51
Let v(z) = -15*z - 5. Suppose 5*m - a = 1090, -140 = 3*m + 5*a - 766. What is the remainder when m is divided by v(-4)?
52
Suppose 4*o + 5*k - 82 = 128, -4*k - 24 = 0. What is the remainder when 475 is divided by o?
55
Let k(o) = 38*o + 603. What is the remainder when ((-790)/35)/((-3)/21) is divided by k(-15)?
26
Let z = -34 + 44. Suppose 0 = 9*m + z - 28. Suppose -24 = -2*a - 5*s + 7, -m*a + s = -49. What is the remainder when 90 is divided by a?
21
Calculate the remainder when 620 is divided by (1/(3/27))/((-12)/(-56)).
32
Suppose -32*l + 17523 = 21*l + 6*l. Calculate the remainder when l is divided by 20.
17
Let x = 28 + -26. Suppose -2*o + r = -1, -r + 9 = 2*r. Suppose 0 = -o*u - 2*l + 16, -5*l = 2*u - 43 + 12. Calculate the remainder when u is divided by x.
1
Let i = 7 - 3. Suppose -5*g - c = -69, 3*g - i*c = -c + 45. Suppose 0 = 44*h - 21*h - 1058. Calculate the remainder when h is divided by g.
4
Calculate the remainder when (-8 + 6)*((-4)/(-22) - (-50427)/(-198)) is divided by 251.
7
Let q(j) = 2*j**2 + j + 2*j + 13 - 11 - 5*j**3. Let c be q(-1). Calculate the remainder when ((-92)/12)/((-2)/c) is divided by 5.
3
Calculate the remainder when ((252/(-15))/(-1))/(12/2850*5) is divided by 260.
18
Suppose -d = 3*d - 12. Suppose -5*x = 2*i - 67, 0 = 2*x + i - 6*i - 21. Calculate the remainder when 122/8*12/d is divided by x.
9
Calculate the remainder when (-2760)/(-3) - (50 + -54) is divided by 16.
12
Suppose 30*y + 11*y - 8692 = 0. What is the remainder when 398 is divided by y?
186
Suppose 111*k - 120*k + 18891 = 0. What is the remainder when k is divided by 24?
11
Suppose -3*q - 1262 = -3663 - 2510. What is the remainder when q is divided by 165?
152
Let u(j) = 16*j**3 - 4*j**2 - 10*j + 13. Let z be u(5). Suppose -931 - z = -22*k. Calculate the remainder when k is divided by 32.
31
Suppose -63 = -5*d + u, -5*d - 2*u - u + 71 = 0. Suppose -4*c + 8 = -4*t, 2*t = 4*t + 5*c + 4. What is the remainder when d is divided by (-4 - 32/24)/(t/3)?
5
Suppose 37*c - 313 = 422 + 79. Let s(g) = 3*g - 4*g - 5*g. What is the remainder when c is divided by s(-1)?
4
Let m(f) = -63*f + 1259. Calculate the remainder when 177 is divided by m(19).
53
Suppose 0 = 2*s + 3*g - 667, 4*g + 254 = s - 107. Calculate the remainder when s is divided by 35.
26
Suppose -9*t = -14*t + 3*x + 930, 10 = -2*x. Suppose 3*j - 14*u - t = -11*u, 4*j = 2*u + 238. Calculate the remainder when j is divided by 3.
1
Suppose -3*i - 8 = -4*i. Suppose 60 = -4*n + i*n. Calculate the remainder when 1/((-140)/(-135) - 1) is divided by n.
12
Let z(d) = 34*d + 30. Let x be z(14). Let p be (-1)/(8/x) + 14/56. Calculate the remainder when (21/p)/(1/(-153)) is divided by 13.
12
Let t(r) = -r**2 - 378*r + 6777. What is the remainder when 305 is divided by t(17)?
57
Calculate the remainder when -26 + 22 - (-2031 + 3) is divided by 75.
74
Let k(p) = 5*p**3 + 7*p**2 - 3*p - 4. Let m(q) = 4*q**3 + 7*q**2 - 2*q - 3. Let i(d) = 3*k(d) - 4*m(d). Calculate the remainder when 22 is divided by i(-7).
1
Let k = 18262 + -18229. Calculate the remainder when 19832 is divided by k.
32
Let r = 402 + -267. Calculate the remainder when 64 is divided by ((-81)/r)/(3/(-85)).
13
Suppose 2*x - x = -2*g + 16, -2*g = -4. Suppose 365*h = 505*h - 7280. Calculate the remainder when h is divided by x.
4
Let w(y) = -y**3 + 21*y**2 + 100*y + 91. What is the remainder when 166 is divided by w(25)?
75
Suppose 14 + 14 = 4*j. Let w be (196/35)/j + 1/5. Let h(i) = 7*i - 2. What is the remainder when 16 is divided by h(w)?
1
Suppose -380 = -83*p - 48. Let n(o) = -o**2 + 8*o + 5. Let l = -9 - -16. Calculate the remainder when n(l) is divided by p.
0
Suppose 2*m - 4*s - 37 - 3 = 0, -3*m + 3*s = -45. Let i = 48 - -8. Calculate the remainder when (i - -1)*30/45 is divided by m.
8
Suppose 36*q - 15*q = 2478. What is the remainder when 501 is divided by q?
29
Let u be 2/(-17) - (-3 + (-98)/(-34)). Suppose 13*m - 11*m + 160 = u. Let v = -14 - m. What is the remainder when v is divided by 34?
32
Suppose -6*v = -20 - 4. Let c be (4/6)/(v/(-174)). What is the remainder when 54 is divided by ((-2)/(-2))/((-1)/c)?
25
Let c = -1042 + 1110. Suppose 6 = 3*u, 5*n + 32 = -4*u - 35. What is the remainder when c is divided by (-9)/n + (-261)/(-15)?
14
Let i(f) = -465*f + 1955. Calculate the remainder when i(3) is divided by 138.
8
Suppose 10*x + 429 = -3*x. Calculate the remainder when x/2*(-64)/12 is divided by ((-45)/(-